of 200342.
2, 109, 919
What are the prime factors of 4215862?
2, 7, 43019
List the prime factors of 1242192.
2, 3, 7, 3697
List the prime factors of 1293319.
1293319
What are the prime factors of 11717063?
17, 61, 11299
List the prime factors of 7709683.
7709683
What are the prime factors of 8170988?
2, 7, 19, 15359
List the prime factors of 2541332.
2, 635333
List the prime factors of 5879089.
43, 47, 2909
List the prime factors of 9107718.
2, 3, 97, 15649
List the prime factors of 3683406.
2, 3, 29, 21169
What are the prime factors of 163195?
5, 127, 257
What are the prime factors of 875997?
3, 131, 743
What are the prime factors of 12496167?
3, 19, 24359
List the prime factors of 2133241.
11, 89, 2179
What are the prime factors of 3434437?
3434437
List the prime factors of 225194.
2, 109, 1033
List the prime factors of 1798939.
19, 73, 1297
What are the prime factors of 2549792?
2, 7, 11383
List the prime factors of 3499563.
3, 149, 7829
List the prime factors of 226125.
3, 5, 67
List the prime factors of 497146.
2, 13, 19121
What are the prime factors of 3654107?
1097, 3331
List the prime factors of 310828.
2, 7, 17, 653
What are the prime factors of 257194?
2, 7, 18371
What are the prime factors of 21204?
2, 3, 19, 31
What are the prime factors of 11014184?
2, 1376773
List the prime factors of 433557.
3, 67, 719
List the prime factors of 356249.
41, 8689
What are the prime factors of 81073?
17, 19, 251
List the prime factors of 207659.
281, 739
What are the prime factors of 1808458?
2, 19, 47591
List the prime factors of 11126302.
2, 11, 523, 967
What are the prime factors of 114417?
3, 12713
List the prime factors of 1712837.
7, 244691
List the prime factors of 317326.
2, 158663
What are the prime factors of 14262?
2, 3, 2377
What are the prime factors of 183419?
149, 1231
What are the prime factors of 868131?
3, 11, 37, 79
List the prime factors of 4965501.
3, 1655167
What are the prime factors of 222292?
2, 7, 17, 467
What are the prime factors of 13753480?
2, 5, 13, 26449
List the prime factors of 130971.
3, 149, 293
What are the prime factors of 384259?
384259
What are the prime factors of 8516177?
8516177
What are the prime factors of 3135098?
2, 1567549
List the prime factors of 2763218.
2, 1381609
What are the prime factors of 477442?
2, 7, 67, 509
List the prime factors of 10736910.
2, 3, 5, 119299
What are the prime factors of 143852?
2, 35963
List the prime factors of 157804.
2, 39451
What are the prime factors of 145069?
145069
List the prime factors of 641547.
3, 23761
What are the prime factors of 544692?
2, 3, 19, 2389
List the prime factors of 7906686.
2, 3, 41, 32141
List the prime factors of 396802.
2, 7, 4049
List the prime factors of 26079.
3, 8693
What are the prime factors of 814801?
13, 233, 269
List the prime factors of 4177116.
2, 3, 38677
What are the prime factors of 9817131?
3, 3272377
List the prime factors of 7904540.
2, 5, 7, 131, 431
List the prime factors of 718102.
2, 7, 11, 4663
List the prime factors of 663427.
307, 2161
List the prime factors of 2234232.
2, 3, 7, 11, 13, 31
What are the prime factors of 875775?
3, 5, 11677
List the prime factors of 632611.
7, 90373
What are the prime factors of 23041206?
2, 3, 43, 9923
What are the prime factors of 1015968?
2, 3, 19, 557
List the prime factors of 5264936.
2, 658117
What are the prime factors of 602135?
5, 120427
List the prime factors of 40167.
3, 4463
List the prime factors of 1511035.
5, 277, 1091
List the prime factors of 88512.
2, 3, 461
List the prime factors of 5988427.
5988427
List the prime factors of 84043.
229, 367
List the prime factors of 643416.
2, 3, 17, 19, 83
List the prime factors of 94192.
2, 7, 29
What are the prime factors of 44988?
2, 3, 23, 163
What are the prime factors of 140282?
2, 70141
What are the prime factors of 3622095?
3, 5, 80491
What are the prime factors of 29063?
29063
What are the prime factors of 8927373?
3, 7, 13, 53, 617
List the prime factors of 614309.
241, 2549
What are the prime factors of 4022929?
4022929
What are the prime factors of 19186540?
2, 5, 17, 56431
List the prime factors of 310260.
2, 3, 5, 5171
List the prime factors of 207584.
2, 13, 499
List the prime factors of 162133.
73, 2221
What are the prime factors of 272274?
2, 3, 23, 1973
List the prime factors of 3451971.
3, 1150657
List the prime factors of 2975598.
2, 3, 165311
List the prime factors of 4045742.
2, 167, 12113
List the prime factors of 8101320.
2, 3, 5, 67511
What are the prime factors of 730296?
2, 3, 7, 23
What are the prime factors of 1944070?
2, 5, 61, 3187
List the prime factors of 6228736.
2, 29, 839
What are the prime factors of 6269865?
3, 5, 7, 211, 283
List the prime factors of 84932.
2, 17, 1249
List the prime factors of 714494.
2, 11, 47, 691
What are the prime factors of 3860257?
383, 10079
List the prime factors of 63228.
2, 3, 11, 479
What are the prime factors of 5325670?
2, 5, 7, 76081
List the prime factors of 2235614.
2, 37, 30211
What are the prime factors of 2107672?
2, 7, 61, 617
What are the prime factors of 18843385?
5, 11, 342607
What are the prime factors of 9079333?
59, 153887
List the prime factors of 6078336.
2, 3, 11, 1439
List the prime factors of 4388023.
17, 258119
What are the prime factors of 971950?
2, 5, 7, 2777
What are the prime factors of 320850?
2, 3, 5, 23, 31
List the prime factors of 399280.
2, 5, 7, 23, 31
List the prime factors of 3223688.
2, 13, 139, 223
What are the prime factors of 568657?
568657
List the prime factors of 1657593.
3, 7, 83, 317
List the prime factors of 761056.
2, 17, 1399
List the prime factors of 14013800.
2, 5, 41, 1709
What are the prime factors of 5589378?
2, 3, 89, 1163
What are the prime factors of 568253?
7, 11597
List the prime factors of 226357.
226357
What are the prime factors of 1521996?
2, 3, 7, 18119
List the prime factors of 54630.
2, 3, 5, 607
List the prime factors of 8159839.
8159839
What are the prime factors of 2367162?
2, 3, 7, 18787
List the prime factors of 792386.
2, 7, 56599
List the prime factors of 4336080.
2, 3, 5, 7, 29, 89
What are the prime factors of 7565316?
2, 3, 11, 37, 1549
What are the prime factors of 923114?
2, 59, 7823
What are the prime factors of 11589607?
11589607
What are the prime factors of 1629021?
3, 23, 23609
What are the prime factors of 2357310?
2, 3, 5, 78577
List the prime factors of 100528.
2, 61, 103
List the prime factors of 252193.
252193
What are the prime factors of 12069304?
2, 13, 79, 113
List the prime factors of 8721489.
3, 7, 29, 14321
List the prime factors of 235357.
37, 6361
List the prime factors of 724441.
724441
List the prime factors of 2640837.
3, 23, 38273
List the prime factors of 9346524.
2, 3, 11, 41, 157
What are the prime factors of 508263?
3, 7, 24203
List the prime factors of 300971.
11, 27361
List the prime factors of 6061861.
13, 35869
What are the prime factors of 1491215?
5, 11, 19, 1427
What are the prime factors of 381845?
5, 76369
List the prime factors of 9550282.
2, 7, 53, 61, 211
What are the prime factors of 1389198?
2, 3, 231533
List the prime factors of 3917109.
3, 7, 26647
List the prime factors of 10518.
2, 3, 1753
List the prime factors of 367505.
5, 31, 2371
What are the prime factors of 1970342?
2, 11, 89561
What are the prime factors of 245403?
3, 61, 149
List the prime factors of 21013269.
3, 73, 229, 419
What are the prime factors of 278844?
2, 3, 19, 1223
What are the prime factors of 96210?
2, 3, 5, 1069
List the prime factors of 8869998.
2, 3, 19, 29, 2683
What are the prime factors of 184084?
2, 46021
List the prime factors of 201213.
3, 79, 283
What are the prime factors of 24332577?
3, 8110859
What are the prime factors of 373762?
2, 17, 10993
What are the prime factors of 1356411?
3, 7, 64591
List the prime factors of 5132124.
2, 3, 142559
List the prime factors of 665805.
3, 5, 7, 17, 373
What are the prime factors of 17039835?
3, 5, 113, 1117
What are the prime factors of 2822159?
2822159
What are the prime factors of 5038495?
5, 7, 11, 23, 569
List the prime factors of 1125354.
2, 3, 187559
List the prime factors of 10528902.
2, 3, 31, 18869
List the prime factors of 36172810.
2, 5, 3617281
List the prime factors of 6197176.
2, 139, 5573
What are the pr